 What is k(438)?
-1
Let s(v) = -1149*v + 9928. Give s(10).
-1562
Let x(z) = z**3 - 23*z**2 - 26*z + 381. Give x(17).
-1795
Let f(b) = -35*b**2 - 63*b - 120. What is f(-3)?
-246
Let t(k) = 2*k**2 - 94*k + 1580. Determine t(30).
560
Let z(o) = 19*o**3 - 3*o**2 - 149*o - 310. Calculate z(-2).
-176
Let k(f) = 91*f**2 + 211*f. Determine k(-6).
2010
Let t(n) = -82*n**2 - 125298*n + 122327. Determine t(-1529).
7
Let b(q) = 12*q**2 + 22*q + 326. Give b(-14).
2370
Let w(f) = 28*f**3 - 1430*f**2 + 25*f - 181. Determine w(51).
-4108
Let h(w) = -w**3 - 15*w**2 + 32*w + 846. Determine h(-12).
30
Let c(v) = v**2 + 79*v + 1325. Give c(-38).
-233
Let u(q) = -5*q**3 - 82*q**2 - 105*q - 17. What is u(-15)?
-17
Let m(y) = 12427*y + 3827395. Calculate m(-308).
-121
Let z(t) = -216*t + 61057. What is z(283)?
-71
Let b(r) = 5938*r + 11945. Calculate b(-2).
69
Let f(k) = 699*k + 15483. Determine f(-22).
105
Let h(p) = 45*p**2 - 7794*p + 9365. What is h(172)?
77
Let u(c) = -1669*c - 540763. Calculate u(-324).
-7
Let k(b) = -3152*b - 12605. What is k(-4)?
3
Let b(d) = 2*d**2 - 227*d - 938. What is b(-4)?
2
Let d(g) = -12753*g - 1173285. Give d(-92).
-9
Let x(j) = j**3 - 43*j**2 - 166*j + 1684. Calculate x(46).
396
Let a(s) = s**3 + 562*s**2 + 38963*s + 177. Determine a(-81).
15
Let f(a) = a**3 + 31*a**2 + 188*a + 94. Give f(-24).
-386
Let a(c) = -62*c**3 - 58950*c**2 + 11408*c - 3786. Calculate a(-951).
18
Let w(s) = 7*s**2 - 1206*s + 16521. Give w(15).
6
Let h(g) = -3*g**3 + 150*g**2 - 102*g - 1492. What is h(49)?
713
Let y(g) = -64*g**2 - 3766*g + 429. Give y(-59).
-161
Let q(c) = 47*c**3 + 15*c**2 + 59*c + 44. What is q(-1)?
-47
Let a(y) = -y**2 + 743*y + 7531. What is a(-10)?
1
Let b(w) = -95*w**2 - 4084*w + 52. What is b(-43)?
9
Let x(d) = d**3 - 23*d**2 + 270*d - 2347. Calculate x(11).
-829
Let b(a) = -13*a**2 + 154*a + 752. Calculate b(-5).
-343
Let z(h) = 79*h**3 - 317*h**2 - 18*h - 14. Determine z(4).
-102
Let w(c) = -c**3 + 59*c**2 - 598*c + 27627. Determine w(57).
39
Let l(u) = 4*u**2 - 44670*u + 535469. Give l(12).
5
Let i(w) = w**3 - 154*w**2 + 2*w - 532. Calculate i(154).
-224
Let r(w) = -8*w**2 - 13676*w + 95693. What is r(7)?
-431
Let y(c) = -676*c - 2010. Give y(-2).
-658
Let c(n) = 3*n**3 - 18*n**2 + 50*n - 23. Determine c(4).
81
Let q(a) = -5163*a - 4718987. What is q(-914)?
-5
Let c(y) = -11364*y + 1035. What is c(0)?
1035
Let w(x) = -x**3 - 11*x**2 - 32*x - 756. Give w(-13).
-2
Let a(j) = j**3 - 6*j**2 + 470*j - 4647. Give a(10).
453
Let m(k) = 4805*k + 9844. Determine m(-2).
234
Let q(f) = -110050*f - 660558. Calculate q(-6).
-258
Let d(o) = 6*o**3 + 2934*o**2 - 441*o - 215649. Calculate d(-489).
0
Let u(k) = 41*k**2 - 574*k - 2290. What is u(-4)?
662
Let n(r) = 519*r + 41316. What is n(-83)?
-1761
Let f(i) = -2*i**3 + 351*i**2 + 476*i + 9702. Calculate f(177).
-33
Let y(q) = -q**3 + 3*q**2 + 5882*q + 46369. What is y(-8)?
17
Let a(n) = 5502*n - 27426. What is a(5)?
84
Let u(v) = 472*v - 5060. Determine u(12).
604
Let u(c) = -c**3 + 3*c**2 - 8*c + 56. Determine u(6).
-100
Let x(w) = w**3 + 4*w**2 - 1612*w - 3235. Calculate x(-2).
-3
Let a(f) = 48*f + 14852. Calculate a(-310).
-28
Let i(u) = 189725*u - 19731400. Give i(104).
0
Let r(x) = -4*x**3 - 3655*x**2 + 7326*x - 1. What is r(2)?
-1
Let i(p) = 5625*p + 365618. Calculate i(-65).
-7
Let x(j) = 10*j**2 + 110*j - 407. What is x(-15)?
193
Let a(l) = -14*l**3 + 41*l**2 + l - 2. Give a(-2).
272
Let d(h) = -h**2 - 489*h + 95030. Determine d(149).
-32
Let y(m) = -129931*m + 1689148. What is y(13)?
45
Let t(m) = m**3 + 423*m**2 + 5642*m - 34346. Give t(-409).
10
Let m(t) = -t**2 + 654*t + 11923. Calculate m(-18).
-173
Let m(c) = -2*c**3 + 62*c**2 - 2875*c - 52249. Calculate m(-13).
-2
Let l(f) = -19*f**2 - 53*f - 297. Give l(-8).
-1089
Let q(a) = a**3 - 28*a**2 + 146*a - 356. What is q(6)?
-272
Let d(v) = 1587*v**2 + 8803*v - 4319. What is d(-6)?
-5
Let p(v) = v**3 + 13*v**2 + 87*v + 759. Determine p(-10).
189
Let a(u) = -25*u**2 + 9553*u - 214910. Calculate a(24).
-38
Let i(d) = -3*d**2 - 242*d + 2580. What is i(-102)?
-3948
Let k(i) = 7*i**3 + 9*i**2 + 247*i + 249. Give k(-1).
4
Let s(x) = -3*x**2 - 99*x + 2460. Determine s(19).
-504
Let n(t) = -3*t**3 + 59*t**2 + 54*t - 789. Give n(-4).
131
Let q(h) = -359*h**2 - 799*h - 181. What is q(-2)?
-19
Let x(q) = -971*q - 9834. Give x(-10).
-124
Let x(j) = -2278*j + 8956. Give x(4).
-156
Let f(q) = -q**3 + 3*q**2 + 4975*q + 24866. Give f(-5).
191
Let d(j) = 2046*j - 46696. Calculate d(23).
362
Let d(g) = 4*g**2 + 355*g + 1517. What is d(-85)?
242
Let f(h) = -244*h**2 - 7838*h - 364. Determine f(-32).
596
Let j(r) = 14*r + 530. Calculate j(18).
782
Let b(o) = -384225*o - 6531838. Determine b(-17).
-13
Let d(w) = 1781270*w - 24937770. What is d(14)?
10
Let p(r) = -1336*r + 77369. What is p(58)?
-119
Let l(f) = -31*f**2 + 7935*f - 71301. What is l(9)?
-2397
Let b(d) = d**3 + 42*d**2 - 173*d + 117. Calculate b(3).
3
Let w(x) = 273*x + 2310. Give w(-9).
-147
Let d(r) = -r**2 - 396*r - 37291. Determine d(-178).
1513
Let y(x) = 677*x - 8732. What is y(13)?
69
Let r(v) = -v**3 - 357*v**2 + 230*v - 45844. What is r(-358)?
-20
Let j(k) = 423336*k - 1693347. What is j(4)?
-3
Let o(q) = -5215*q + 193061. Give o(37).
106
Let k(q) = -q**2 + 9660*q - 231444. What is k(24)?
-180
Let t(l) = 48*l**2 + 413*l - 214. What is t(-9)?
-43
Let k(z) = -156*z + 6338. Calculate k(34).
1034
Let u(g) = -g**3 - 40*g**2 + 33*g + 66. Calculate u(-41).
394
Let m(p) = -p**2 + 43*p + 3318. Determine m(83).
-2
Let q(o) = o**2 + 246*o + 12382. What is q(-70)?
62
Let j(h) = 102*h - 1118. What is j(18)?
718
Let j(i) = -3*i**2 - 1639*i + 25262. Determine j(15).
2
Let j(f) = -1522*f - 29196. What is j(-18)?
-1800
Let k(j) = 4204*j - 916476. What is k(218)?
-4
Let r(q) = 62*q**2 - 839*q + 1679. Determine r(2).
249
Let z(u) = 29545*u + 1329512. Calculate z(-45).
-13
Let k(y) = -41*y**3 - 200*y**2 - 42*y - 74. Determine k(-5).
261
Let f(c) = 1454*c + 8718. What is f(-6)?
-6
Let o(f) = 3*f**3 - 979*f**2 - 4639*f + 1001. Give o(331).
-654
Let d(s) = s**2 + 965*s + 11490. Determine d(-12).
54
Let r(x) = x**3 - 20*x**2 + 940*x + 10800. Give r(-9).
-9
Let l(h) = 94498*h - 377945. Determine l(4).
47
Let b(u) = 2*u**3 + 383*u**2 + 12413*u - 5549. Give b(-150).
1
Let n(i) = -i**3 - 515*i**2 + 7350*i + 3785245. Determine n(-515).
-5
Let z(n) = -n**3 - 54*n**2 + 355*n - 428. What is z(-60)?
-128
Let t(m) = -2*m**2 - 48889*m + 1909752. Determine t(39).
39
Let w(a) = -116426*a + 1164258. What is w(10)?
-2
Let n(p) = 3*p**2 - 2518*p - 119396. Determine n(-45).
-11
Let i(v) = v**3 - 32*v**2 + 255*v - 9281. Determine i(33).
223
Let f(z) = -z**3 + 207*z**2 - 386*z - 2857. What is f(205)?
2063
Let c(j) = -j**3 + 37*j**2 + 2707*j - 1147. Give c(-37).
0
Let v(r) = 237*r + 432. Give v(-7).
-1227
Let s(d) = -d**3 + 12*d**2 + 132*d + 35. Determine s(-7).
42
Let s(z) = -5019*z + 45209. Calculate s(9).
38
Let y(m) = 24557*m - 736474. Calculate y(30).
236
Let s(p) = 363*p + 238697. Calculate s(-658).
-157
Let l(g) = -16*g**2 - 1132*g - 513. Calculate l(-71).
-797
Let b(c) = 3*c**3 - 16*c**2 - 30*c + 67. What is b(8)?
339
Let u(i) = -7478*i - 1166507. What is u(-156)?
61
Let p(h) = 68500*h + 2123499. What is p(-31)?
-1
Let n(k) = -k**3 + 34*k**2 - k + 1431. Give n(35).
171
Let a(w) = w**3 - 6*w**2 - 67*w + 369. Give a(-8).
9
Let x(o) = 5639*o**2 + 28202*o + 48. What is x(-5)?
13
Let v(s) = 24*s**2 + 2724*s + 67935. Determine v(-37).
3
Let m(g) = 39577*g + 395782. Determine m(-10).
12
Let w(x) = -185877*x + 1115177. Calculate w(6).
-85
Let b(h) = 12*h**2 - 165*h + 25. Give b(10).
-425
Let k(c) = 556126*c + 2780627. Calculate k(-5).
-3
Let f(x) = 3*x**2 - 93*x + 144. What is f(28)?
-108
Let f(c) = 35*c**2 - 161*c + 336. Give f(8).
1288
Let r(k) = -25*k - 3263. What is r(-96)?
-863
Let w(v) = -1104*v**2 - 59621*v - 259. Calculate w(-54).
11
Let h(w) = 38670*w + 309353. What is h(-8)?
-7
Let y(f) = 1268*f + 8187. Calculate y(-8).
-1957
Let l(r) = -158*r**2 + 16*r + 9. Determine l(-1).
-165
Let q(j) = -j**2 + 109*j - 2150. Determine q(78).
268
Let a(h) = -h**3 - 90*h**2 - 658*h - 27005. What is a(-86)?
-1
Let k(b) = -b**3 - 146*b**2 + 7226*b - 426. What is k(39)?
3
Let b(h) = 4*h**2 + 434*h + 120. Calculate b(-107).
-522
Let j